. Calculate the greatest common divisor of w and 18.
9
Let k be 28 + (-3 - 3/(-12)*0). Calculate the greatest common factor of 5 and k.
5
Let a be (3 - -1 - 0)*1. Let t be a*(2/2 - 2). Let h be t/(-6) + 32/6. What is the highest common divisor of 18 and h?
6
Let g(z) = z**3 - 4*z**2 - 5*z + 5. Let f be g(6). Let n = f - -1. Calculate the highest common divisor of 24 and n.
24
Let x(i) = i**3 - 17*i**2 + 2*i - 16. Let l be x(17). Calculate the highest common factor of 18 and l.
18
Let y = 17 + 7. What is the greatest common factor of 6 and y?
6
Let x = -23 - -56. Suppose 5*n + 5*p - 85 = 0, -2*n - n + x = -3*p. Calculate the greatest common factor of 21 and n.
7
Let k(x) = 2*x**3 + 4*x**2 + 5*x - 4. Let b be k(4). Let a = -144 + b. Suppose 3 = m - 5. Calculate the highest common factor of m and a.
8
Let o be (-1351)/(-21) + 4/(-3). What is the highest common factor of o and 9?
9
Let h = -210 - -222. Calculate the greatest common factor of 4 and h.
4
Let r = 198 + -30. What is the highest common divisor of 21 and r?
21
Let v(y) = -3 - 6*y + 7 + y**2 + 2*y + 3*y. Let s be v(3). Calculate the highest common factor of s and 40.
10
Let n(v) = 75*v + 4. Let o(d) = -19*d - 1. Let j(z) = 2*n(z) + 9*o(z). Let l be j(-1). What is the greatest common factor of l and 30?
10
Let w(s) = -s**3 - 2*s**2 + 3*s + 4. Let b be w(-3). Let q be 2*(-6)/b - -37. Calculate the highest common divisor of q and 17.
17
Let o be 4/(-3)*570/(-4). Let n = o - 118. Calculate the greatest common factor of 24 and n.
24
Let s(z) = z + 2. Let d be s(2). Let p be (-4)/(d/3) + 24. Suppose -7 - p = -2*y. Calculate the greatest common factor of y and 7.
7
Suppose -3*j = 7 - 19. Suppose -5*k = -j*k - 18. Calculate the highest common factor of 72 and k.
18
Suppose -2*b = -g - 17, -8*b + 35 = -3*b - 5*g. Suppose 0 = 2*u - u - b. Suppose -c = c - u. What is the greatest common divisor of c and 10?
5
Let h be 6 + -2 + -1 + 2. Suppose j + 5*f = -j + 8, -h*f + 20 = 0. Let z = 8 + j. Calculate the greatest common factor of z and 10.
2
Suppose -2*o = 4*i - 0*o - 56, 4*i - 3*o = 66. What is the highest common divisor of 10 and i?
5
Let u be ((-18 - -1) + -3)*(-42)/12. What is the highest common factor of u and 20?
10
Let h(z) = z**2 + 2*z. Let c be h(2). Let n = 12 - c. Suppose 3*k + 85 = 5*p - 0*k, -n*k - 48 = -2*p. What is the highest common divisor of 2 and p?
2
Let o = 1 + -3. Let k be (-1)/o*0 + -4. Let w be 291/15 - k/(-10). What is the highest common factor of 152 and w?
19
Let p be (-312)/(-13) - (1 - -2). What is the highest common factor of 14 and p?
7
Let l = -25 - -45. Suppose 14*z = 19*z - 25. Calculate the highest common factor of z and l.
5
Suppose 3*d + 5*f - 15 = 2*f, 38 = 4*d - 2*f. Let x = 5 + -2. Suppose 37 = x*u - c, -2*u - 4*c + 25 = 5. What is the greatest common divisor of d and u?
4
Let i = -2 - -79. Suppose -3*v + 5*l + 13 - 41 = 0, 3*l = -3*v - 36. Let p = v + 22. Calculate the greatest common factor of p and i.
11
Let p be (-3)/(30/(-4))*15. Suppose 29*k + 90 = 32*k. What is the greatest common divisor of k and p?
6
Let m = -23 + 43. What is the highest common divisor of 30 and m?
10
Let y(x) = x**2 + 5*x + 5. Let r be y(-4). Suppose r = 2*j - 5. Suppose -4*b = 4*d - 24, j*d - 26 = 3*b + 16. What is the greatest common factor of 40 and d?
10
Suppose 0 = 5*a - 2*s - 79, -2*a + 12 = 5*s - 37. Suppose 0 = -h + 4*h - 1020. Suppose -j - h = -6*j. What is the highest common divisor of j and a?
17
Suppose -5*l + 11 + 2 = 3*j, 4*l - 2*j - 6 = 0. Let r be -1 + (l + -2 - -7). Let y be (-6)/(-15) + (-36)/(-10). What is the highest common factor of r and y?
2
Suppose 2*v + 3*c = 23 + 66, -4*v = 4*c - 184. Let l = v + -34. Suppose -3*m - 6 = -5*m. What is the greatest common divisor of l and m?
3
Let v(s) be the first derivative of 2 - 45/2*s**2 - 3*s. Let w be v(-3). What is the highest common divisor of 12 and w?
12
Let g be 43 + (1 - -2 - 4). Calculate the highest common factor of 14 and g.
14
Let u be 42/(-28)*8/(-6). Suppose -29 = -u*d + 5. Suppose 0 = -5*j - 8 + 93. What is the highest common factor of d and j?
17
Suppose 23 - 5 = 3*y. What is the greatest common divisor of 2 and y?
2
Suppose 5*w = -3*t + 97, 5*w - 6*t = -2*t + 69. What is the highest common factor of w and 153?
17
Suppose -32 + 102 = 5*r. What is the highest common divisor of 98 and r?
14
Let b be 120/50 - (-2)/(-5). What is the highest common factor of 4 and b?
2
Suppose -8*x = 3*i - 4*x - 27, 0 = -2*i - 3*x + 19. Suppose -3*k + 7 = d - 14, k - i*d = -9. Calculate the highest common divisor of 3 and k.
3
Suppose -u - 14 = -2*u. Let k be (-7 + (0 - -2))*1. Let v be k/(-10) + (-502)/(-4). What is the greatest common factor of v and u?
14
Let j = -3 + 59. Calculate the highest common divisor of 7 and j.
7
Suppose 3*i - 191 = 193. Suppose 0 = 3*h + 5*w - 63, -w = 2*h + w - 38. What is the greatest common factor of i and h?
16
Let v = 113 - 73. What is the highest common divisor of 440 and v?
40
Let l(f) = f**3 - 13*f**2 - f + 9. Let q be l(13). Let u = 25 + q. Let i(j) = -6*j + 1. Let r be i(-1). Calculate the highest common factor of r and u.
7
Let d be 84/((0 - 3)/3). Let c be (-4)/(-2 - d/45). Calculate the highest common divisor of 75 and c.
15
Suppose -9 = -5*v + t, -t = -v + 3 + 2. What is the highest common divisor of v and 1?
1
Let y(g) = 3 - 1 + g + 0. Let z be y(0). Suppose -7*w + 3*w = -3*f - 35, 3*f = z*w - 13. Calculate the greatest common factor of 1 and w.
1
Let r be (-1)/(-2)*6 + -1. Suppose 4 = -0*l + r*l. What is the highest common factor of l and 10?
2
Suppose 4*a + 26 = 46. Calculate the highest common divisor of a and 5.
5
Suppose 4*h - 169 = -0*c - 3*c, -5*c - 2*h = -263. What is the greatest common factor of 408 and c?
51
Suppose 4*m = 0, 0*m + m = 4*a - 16. Let k be (-2)/(4/(-6)) + 1. Calculate the greatest common divisor of k and a.
4
Let j = -9 - -15. Suppose -s = -4*s + j. What is the greatest common factor of s and 2?
2
Suppose 70 = -4*m + 26. Let x = -7 - m. Suppose 6 = -3*p - 5*f, -x*p - 3*f - 3 = 2*f. Calculate the highest common factor of p and 6.
3
Let i = 483 + -240. Let j be (12/10)/((-3)/(-10)). Suppose -i = w - j*w. What is the highest common factor of 9 and w?
9
Let g(t) = -t**3 + t**2 + t - 18. Let m = 0 + 0. Let y be g(m). Let k = y + 40. What is the greatest common factor of 33 and k?
11
Suppose 2*f = 6, 0*f + 1 = -2*u + f. Calculate the highest common factor of u and 9.
1
Suppose -1229 = -20*k + 1411. Suppose -6*v = -v - 60. Calculate the highest common factor of v and k.
12
Let m = 23 - 7. What is the greatest common factor of m and 128?
16
Let v(r) = r**2 + 5*r + 1. Suppose -y = 2*y. Suppose -d + 9 = -2*l, 5*l + 40 = -y*d - d. Let w be v(l). What is the highest common divisor of w and 105?
15
Let j = 275 + -176. Let i(w) = -w**2 + 11*w - 6. Let y be i(4). Let p be ((-1)/2)/((-1)/y). Calculate the highest common factor of j and p.
11
Let w = 49 - 13. Let f be (-6)/(-1 - (-1)/(-2)). What is the highest common factor of f and w?
4
Suppose 4*z = -7*x + 3*x - 4, -3*x - 15 = 0. Let a = 14 - z. Calculate the greatest common factor of 5 and a.
5
Let y be 8/(-12) - (-44)/(-6). Let p = y + 19. Suppose -4*g + 20 = 0, -6*w + 180 = -3*w + 3*g. What is the highest common factor of p and w?
11
Suppose -5*x + 70 = -3*p, -x + 2 = -2*p - 12. What is the highest common divisor of 98 and x?
14
Let v = 14 + -7. Let k = v - -1. Let j(z) = -20*z - 4. Let x be j(-3). Calculate the greatest common factor of k and x.
8
Suppose -8 = -2*w + 40. Let b(g) = -g**3 + 4*g**2 - g + 1. Let u be b(3). Suppose -h + 15 = u. What is the greatest common factor of w and h?
8
Let u = 36 - -69. Suppose 2*a + 10 = 3*a. Suppose -2*x + a = 0, -2*g + 32 = -0*g - 2*x. Calculate the greatest common factor of g and u.
21
Suppose 2*m = -1 + 11. Suppose 0 = k - 3*z + 7, 2*z - m = -3*k + 7. Calculate the greatest common factor of k and 22.
2
Let p(w) = 4*w**3 - 3*w**2 + w - 2. Let i be p(2). What is the highest common factor of 50 and i?
10
Suppose -2*w - 2*i + 32 = 0, -4*w + 5*i = -0*i - 28. Calculate the greatest common divisor of 96 and w.
12
Let h(y) = -2*y + y - 5*y**2 + 32*y**2. Suppose -3*z = 2 - 5. Let i be h(z). Calculate the highest common divisor of 65 and i.
13
Let y(w) = w**3 + 2*w - 1. Let v be y(1)